 1111102?
1132223
In base 16, what is -5 + a1d2?
a1cd
In base 10, what is -26 + 96423?
96397
In base 6, what is -32330 - 14?
-32344
In base 14, what is -877d - 57?
-87d6
In base 12, what is -52 + 2521?
248b
In base 14, what is -a13 + -240?
-c53
In base 11, what is -48 - -29a?
252
In base 2, what is -110001110000 + 1101?
-110001100011
In base 3, what is -12 + 122111111200?
122111111111
In base 16, what is -6a - 1f7?
-261
In base 9, what is -816 - -48?
-757
In base 10, what is 39 - 3937?
-3898
In base 5, what is -311 - 122144?
-123010
In base 10, what is -8937 - 13?
-8950
In base 2, what is -10010001010001001010 - 11?
-10010001010001001101
In base 9, what is 5 + 2206?
2212
In base 3, what is 2011002 + 22?
2011101
In base 3, what is 100 + -1121111000?
-1121110200
In base 16, what is 0 + 4030?
4030
In base 7, what is 6513 - 3235?
3245
In base 15, what is 6dd7a - 4?
6dd76
In base 15, what is -62a74 + 1?
-62a73
In base 10, what is 60586 + 0?
60586
In base 4, what is -2 - -13311?
13303
In base 9, what is -1 + -455820?
-455821
In base 3, what is 210200112102 + 11?
210200112120
In base 10, what is -1509565 + -2?
-1509567
In base 13, what is -998b + -3?
-9991
In base 15, what is -5 + -7ce35?
-7ce3a
In base 12, what is 815 - -103?
918
In base 4, what is -2 - 101213332?
-101220000
In base 3, what is -220001011001 + -10?
-220001011011
In base 3, what is -1 - 10102222120?
-10102222121
In base 11, what is -4120663 + 4?
-412065a
In base 6, what is 1 + -231410?
-231405
In base 4, what is -11 + -3331011113?
-3331011130
In base 15, what is 3 - -d6475?
d6478
In base 12, what is 211979 - 3?
211976
In base 15, what is -81e0 + -1?
-81e1
In base 9, what is 12353 - -24?
12377
In base 14, what is 3 + 2276?
2279
In base 12, what is 2a617b + 0?
2a617b
In base 13, what is -6b + 297?
229
In base 8, what is 50242 - -20?
50262
In base 5, what is -11444 - -12143?
144
In base 11, what is 2534 + 2?
2536
In base 14, what is 1 + -3928?
-3927
In base 4, what is -123110133 + 130?
-123110003
In base 7, what is 32526364 + -2?
32526362
In base 2, what is 11 - -10100011110101?
10100011111000
In base 4, what is 122 - 21122?
-21000
In base 15, what is -1527 + 4?
-1523
In base 6, what is -14320 + -23?
-14343
In base 15, what is 1 + -1ee9e8?
-1ee9e7
In base 7, what is 366 + -211?
155
In base 9, what is 11 - 6534?
-6523
In base 12, what is 5 - 8849?
-8844
In base 7, what is 21 + -524251?
-524230
In base 5, what is -21013 + 3441?
-12022
In base 3, what is 11 - 21212100212?
-21212100201
In base 9, what is -44560 + -14?
-44574
In base 2, what is -10111001000011100 - -100?
-10111001000011000
In base 12, what is -85 + 6759?
6694
In base 5, what is -341334 + 113?
-341221
In base 5, what is -22110 + -3242?
-30402
In base 7, what is 1 + -102342?
-102341
In base 14, what is -3a3 + 1bba?
1817
In base 7, what is 3 - -40644?
40650
In base 11, what is 53 - 272?
-21a
In base 16, what is -3a - -6a1?
667
In base 8, what is 63671 + 21?
63712
In base 13, what is 126c9 - -9?
12705
In base 12, what is -42 - 244?
-286
In base 15, what is -1a4 + -537?
-6db
In base 8, what is 5 - -2340?
2345
In base 16, what is -3 + -260c3?
-260c6
In base 2, what is -101110001001111000010 - 0?
-101110001001111000010
In base 12, what is -6757 - 546?
-70a1
In base 10, what is 63953 - 5?
63948
In base 10, what is -2674 - -44?
-2630
In base 5, what is 4 + -2111010?
-2111001
In base 9, what is 1280 - -37?
1327
In base 5, what is -232 - 12221?
-13003
In base 3, what is -1022001002 - -2?
-1022001000
In base 7, what is 15 + -15261?
-15243
In base 14, what is c2b1 + 3?
c2b4
In base 14, what is 1275 - 1b6?
109d
In base 8, what is 12731 + 6?
12737
In base 11, what is -2604 + -7?
-2610
In base 4, what is 0 - -230332321?
230332321
In base 9, what is -463 + -306?
-770
In base 9, what is 1000 - -155?
1155
In base 5, what is 1411113 - -14?
1411132
In base 15, what is -b56d + 2d?
-b540
In base 4, what is 120332132 - -3?
120332201
In base 2, what is -1010001 + -100111110?
-110001111
In base 5, what is -3 + 10001130?
10001122
In base 3, what is 2 - -10220121222?
10220122001
In base 5, what is 2122 - 1111?
1011
In base 11, what is -57109 - 3?
-57111
In base 12, what is -283222 + -4?
-283226
In base 4, what is 3313 - -11?
3330
In base 9, what is 4 + -173770?
-173765
In base 7, what is 20135 + 1?
20136
In base 5, what is 331142 - -2?
331144
In base 9, what is -1420 - 11?
-1431
In base 8, what is 760 - 17?
741
In base 13, what is 6 + 4322b?
43234
In base 2, what is -1001010 - -1001110110000?
1001101100110
In base 8, what is -10 + 40731?
40721
In base 6, what is -505 + -54152?
-55101
In base 14, what is -11079 + 5?
-11074
In base 5, what is -1140 - 11344?
-13034
In base 8, what is -676361 + -5?
-676366
In base 10, what is 36 - -4606?
4642
In base 6, what is 4 + 12531232?
12531240
In base 12, what is -173467 + 4?
-173463
In base 3, what is -12 + -10002011001?
-10002011020
In base 3, what is 101202201 + -21?
101202110
In base 3, what is 111222 + 1020222?
1202221
In base 14, what is -32 - -3703?
36b1
In base 8, what is 6335 + 13?
6350
In base 16, what is -4 + 710b2?
710ae
In base 15, what is 400047 - 1?
400046
In base 9, what is 74 - 2831?
-2746
In base 14, what is 23 - 4a62?
-4a3d
In base 4, what is 200011111 + 10?
200011121
In base 14, what is -4 - -12a7?
12a3
In base 12, what is 2346b + 3?
23472
In base 9, what is -5137 - -20?
-5117
In base 3, what is -12120201200220 + 1?
-12120201200212
In base 6, what is -15 + 133?
114
In base 6, what is -1 + -2352322?
-2352323
In base 3, what is -11212100102 + 1?
-11212100101
In base 6, what is 111 - -100415?
100530
In base 11, what is -768 - 90?
-848
In base 9, what is 85 + 1888?
2084
In base 15, what is -26d48 + 4?
-26d44
In base 15, what is a - -3448?
3453
In base 14, what is -1d1 - -b1?
-120
In base 16, what is -1da79 + 5?
-1da74
In base 16, what is 1 + -1e1?
-1e0
In base 6, what is -2342050 + 3?
-2342043
In base 9, what is -13 + -3454?
-3467
In base 14, what is -489 - 2cc?
-777
In base 13, what is 3207 - 8?
31cc
In base 7, what is -1042 - 1004?
-2046
In base 2, what is -11 + 1011101001100011100?
1011101001100011001
In base 15, what is -2e + 88e?
860
In base 9, what is 1 + -314844?
-314843
In base 3, what is -10022222201 - 0?
-10022222201
In base 12, what is -431 - -1?
-430
In base 9, what is -28868 - -11?
-28857
In base 10, what is 257080 - -5?
257085
In base 3, what is -2 + 10002011?
10002002
In base 2, what is -10111101101110010101011 + -100?
-10111101101110010101111
In base 5, what is -1 - 103101?
-103102
In base 5, what is -2032 + -344?
-2431
In base 13, what is 3 + -3bb0c?
-3bb09
In base 3, what is -12201222020 + -2?
-12201222022
In base 12, what is -2 + -10522?
-10524
In base 11, what is 32249 + -3?
32246
In base 3, what is -12 - -210100200?
210100111
In base 16, what is -4 - -5728?
5724
In base 14, what is -543 - d8?
-63b
In base 16, what is 3e - 1e?
20
In base 2, what is 1101111111111011100 - 1?
1101111111111011011
In base 9, what is 831323 - 3?
831320
In base 2, what is 10010101111111 - 11011?
10010101100100
In base 10, what is -7 + -5392?
-5399
In base 6, what is -4 + -10055?
-10103
In base 5, what is -111142 + 2023?
-104114
In base 8, what is -41 + 13375?
13334
In base 14, what is 71 + -948?
-8b7
In base 2, what is -100 + -100000010101?
-100000011001
In base 8, what is 553 - 10207?
-7434
In base 5, what is 440034 + -3?
440031
In base 2, what is -111010 - 10100100010?
-10101011100
In base 7, what is -51000 - 3?
-51003
In base 4, what is -10022030 + 10?
-10022020
In base 6, what is -2530345 + -5?
-2530354
In base 3, what is 2110122212221 + 1?
2110122212222
In base 13, what is b1 - -10a?
1bb
In base 12, what is -5940b - -3?
-59408
In base 9, what is -335 - 3380?
-3725
In base 6, what is 12314 - 10?
12304
In base 14, what is 15 - -12cc?
1303
In base 4, what is 10323110 - 11?
10323033
In base 12, what is -21297 + 3?
-21294
In base 12, what is -2 + -174140?
-174142
In base 12, what is 72595 - 15?
72580
In base 2, what is 100000 + 100110101001?
100111001001
In base 10, what is -5 + -74822?
-74827
In base 8, what is -61405 + -202?
-61607
In base 3, what is 102120120001 + -11?
102120112220
In base 12, what is -ab10 + b?
-ab01
In base 8, what is 123175 + 1?
123176
In base 6, what is -4 + 303253?
303245
In 